{"id":161,"date":"2020-12-11T07:04:11","date_gmt":"2020-12-11T07:04:11","guid":{"rendered":"https:\/\/gaviaspreview.com\/wp\/conult\/?post_type=footer&#038;p=161"},"modified":"2025-06-10T15:19:05","modified_gmt":"2025-06-10T15:19:05","slug":"storitve","status":"publish","type":"page","link":"https:\/\/ladinadlan.si\/index.php\/storitve\/","title":{"rendered":"Storitve"},"content":{"rendered":"\t\t<div data-elementor-type=\"wp-post\" data-elementor-id=\"161\" class=\"elementor elementor-161\">\n\t\t\t\t\t\t<section class=\"elementor-section elementor-top-section elementor-element elementor-element-052027f elementor-section-boxed elementor-section-height-default elementor-section-height-default\" data-id=\"052027f\" data-element_type=\"section\" data-settings=\"{&quot;background_background&quot;:&quot;slideshow&quot;,&quot;background_slideshow_gallery&quot;:[{&quot;id&quot;:1526,&quot;url&quot;:&quot;https:\\\/\\\/ladinadlan.si\\\/wp-content\\\/uploads\\\/2025\\\/03\\\/5.jpg&quot;},{&quot;id&quot;:1525,&quot;url&quot;:&quot;https:\\\/\\\/ladinadlan.si\\\/wp-content\\\/uploads\\\/2025\\\/03\\\/3.jpg&quot;},{&quot;id&quot;:1524,&quot;url&quot;:&quot;https:\\\/\\\/ladinadlan.si\\\/wp-content\\\/uploads\\\/2025\\\/03\\\/Unti4tled-2.jpg&quot;}],&quot;background_slideshow_ken_burns&quot;:&quot;yes&quot;,&quot;background_slideshow_loop&quot;:&quot;yes&quot;,&quot;background_slideshow_slide_duration&quot;:5000,&quot;background_slideshow_slide_transition&quot;:&quot;fade&quot;,&quot;background_slideshow_transition_duration&quot;:500,&quot;background_slideshow_ken_burns_zoom_direction&quot;:&quot;in&quot;}\">\n\t\t\t\t\t\t<div class=\"elementor-container elementor-column-gap-default\">\n\t\t\t\t\t<div class=\"elementor-column elementor-col-100 elementor-top-column elementor-element elementor-element-b59d27b\" data-id=\"b59d27b\" data-element_type=\"column\" data-settings=\"{&quot;background_background&quot;:&quot;classic&quot;}\">\n\t\t\t<div class=\"elementor-widget-wrap elementor-element-populated\">\n\t\t\t\t\t\t<div class=\"elementor-element elementor-element-e157c6a elementor-widget elementor-widget-gva-heading-block\" data-id=\"e157c6a\" data-element_type=\"widget\" data-widget_type=\"gva-heading-block.default\">\n\t\t\t\t<div class=\"elementor-widget-container\">\n\t\t\t\t\t<div class=\"gva-element-gva-heading-block gva-element\">   <div class=\"align-left style-1 widget gsc-heading box-align-left auto-responsive\">\r\n      <div class=\"content-inner\">\r\n         \r\n         \r\n         \r\n           \r\n         \r\n                     <h2 class=\"title\">\r\n               <span>Storitve\n\t\t\t\t\t\t\t<\/span>\r\n            <\/h2>\r\n                  \r\n         \r\n      <\/div>\r\n   <\/div>\r\n<\/div>\t\t\t\t<\/div>\n\t\t\t\t<\/div>\n\t\t\t\t\t<\/div>\n\t\t<\/div>\n\t\t\t\t\t<\/div>\n\t\t<\/section>\n\t\t\t\t<section class=\"elementor-section elementor-top-section elementor-element elementor-element-7cf90d3 elementor-section-boxed elementor-section-height-default elementor-section-height-default\" data-id=\"7cf90d3\" data-element_type=\"section\" data-settings=\"{&quot;background_background&quot;:&quot;classic&quot;}\">\n\t\t\t\t\t\t<div class=\"elementor-container elementor-column-gap-default\">\n\t\t\t\t\t<div class=\"elementor-column elementor-col-100 elementor-top-column elementor-element elementor-element-49cd4fa\" data-id=\"49cd4fa\" data-element_type=\"column\">\n\t\t\t<div class=\"elementor-widget-wrap elementor-element-populated\">\n\t\t\t\t\t\t<div class=\"elementor-element elementor-element-76f5bb9 elementor-widget elementor-widget-html\" data-id=\"76f5bb9\" data-element_type=\"widget\" data-widget_type=\"html.default\">\n\t\t\t\t<div class=\"elementor-widget-container\">\n\t\t\t\t\t<style>\n.table_component {\n    overflow: auto;\n    width: 100%;\n}\n\n.table_component table {\n    border: 1px solid #dededf;\n    height: 100%;\n    width: 100%;\n    table-layout: fixed;\n    border-collapse: collapse;\n    border-spacing: 1px;\n    text-align: center;\n}\n\n.table_component caption {\n    caption-side: top;\n    text-align: left;\n}\n\n.table_component th {\n    border: 1px solid #dededf;\n    background-color: #6871B2;\n    color: #FFF;\n    padding: 5px;\n}\n.naslov {\n    text-align:center!important;\n    font-size:40px;\n    font-weight: 700;\n    padding-bottom:50px;\n}\n\n.table_component td {\n    border: 1px solid #dededf;\n    background-color: #ffffff;\n    color: #000000;\n    padding: 5px;\n}\n<\/style>\n<div class=\"table_component\" role=\"region\" tabindex=\"0\">\n<table>\n    <caption class=\"naslov\">CENIK<\/caption>\n    <thead>\n        <tr>\n            <th>Terapija<\/th>\n            <th>Individualna<\/th>\n            <th>Partnerska<\/th>\n            <th>Dru\u017einska<\/th>\n            <th>Skupinska<\/th>\n        <\/tr>\n    <\/thead>\n    <tbody>\n        <tr>\n            <td>\n                <div>Otrok<\/div>\n            <\/td>\n            <td>55 \u20ac<\/td>\n            <td>\/<\/td>\n            <td>110 \u20ac<\/td>\n            <td>\n                <div>30 \u20ac<\/div>\n            <\/td>\n        <\/tr>\n        <tr>\n            <td>Mladostnikov<\/td>\n            <td>55 \u20ac<\/td>\n            <td>\/<\/td>\n            <td>110 \u20ac<\/td>\n            <td>30 \u20ac<\/td>\n        <\/tr>\n        <tr>\n            <td>Odraslih<\/td>\n            <td>55 \u20ac<\/td>\n            <td>90 \u20ac<\/td>\n            <td>110 \u20ac<\/td>\n            <td>30 \u20ac<\/td>\n        <\/tr>\n        <tr>\n            <td>Star\u0161ev, parov<\/td>\n            <td>\/<\/td>\n            <td>90 \u20ac<\/td>\n            <td>110 \u20ac<\/td>\n            <td>30 \u20ac<\/td>\n        <\/tr>\n    <\/tbody>\n<\/table>\n\t\t\t\t<\/div>\n\t\t\t\t<\/div>\n\t\t\t\t\t<\/div>\n\t\t<\/div>\n\t\t\t\t\t<\/div>\n\t\t<\/section>\n\t\t\t\t<section class=\"elementor-section elementor-top-section elementor-element elementor-element-4de11f5 elementor-section-boxed elementor-section-height-default elementor-section-height-default\" data-id=\"4de11f5\" data-element_type=\"section\" data-settings=\"{&quot;background_background&quot;:&quot;classic&quot;}\">\n\t\t\t\t\t\t<div class=\"elementor-container elementor-column-gap-default\">\n\t\t\t\t\t<div class=\"elementor-column elementor-col-100 elementor-top-column elementor-element elementor-element-e9a56a1\" data-id=\"e9a56a1\" data-element_type=\"column\">\n\t\t\t<div class=\"elementor-widget-wrap elementor-element-populated\">\n\t\t\t\t\t\t<div class=\"elementor-element elementor-element-84a5b04 elementor-widget elementor-widget-heading\" data-id=\"84a5b04\" data-element_type=\"widget\" data-widget_type=\"heading.default\">\n\t\t\t\t<div class=\"elementor-widget-container\">\n\t\t\t\t\t<h2 class=\"elementor-heading-title elementor-size-default\">Psihoterapija otrok in mladostnikov<\/h2>\t\t\t\t<\/div>\n\t\t\t\t<\/div>\n\t\t\t\t<div class=\"elementor-element elementor-element-aa32af9 elementor-widget elementor-widget-text-editor\" data-id=\"aa32af9\" data-element_type=\"widget\" data-widget_type=\"text-editor.default\">\n\t\t\t\t<div class=\"elementor-widget-container\">\n\t\t\t\t\t\t\t\t\t<p>Nedirektivna, na otroka ali mladostnika usmerjena terapija je edinstven in preverjeno u\u010dinkovit terapevtski pristop, ki otrokom in mladostnikom pomaga pri razumevanju in obvladovanju \u010dustev, misli in vedenja. S tem jim omogo\u010da, da rastejo in zorijo, re\u0161ujejo notranje konflikte, zacelijo \u010dustvene rane, uredijo misli in uresni\u010dijo svoj potencial.<\/p><p>Psihoterapija otrok in mladostnikov ponuja enake prilo\u017enosti za osebno rast, kot jih psihoterapija odraslim. Otroci pogosto ne morejo z besedami izraziti svojih \u010dustev enako kot odrasli, zato se v terapevtskem procesu uporabljajo posebne tehnike, kot je igralna terapija, ki jo izvaja usposobljen terapevt. Igralna terapija omogo\u010da otrokom, da skozi igro in ustvarjalno izra\u017eanje predelajo in integrirajo \u010dustva ter razvijejo mehanizme za u\u010dinkovito soo\u010danje z \u017eivljenjskimi izzivi.<\/p><p>Pri delu uporabljamo razli\u010dne kreativne tehnike in snovi, kot so peskovnik, LEGO kocke, risanje, modeliranje s plastelinom ali glino ter druge pripomo\u010dke, ki otrokom in mladostnikom omogo\u010dajo ustvarjalno izra\u017eanje in predelovanje vsebin, ki jih te\u017eijo skozi igro, v varnem okolju.<\/p>\t\t\t\t\t\t\t\t<\/div>\n\t\t\t\t<\/div>\n\t\t\t\t<div class=\"elementor-element elementor-element-0d62f84 elementor-widget elementor-widget-gva-services-group\" data-id=\"0d62f84\" data-element_type=\"widget\" data-widget_type=\"gva-services-group.default\">\n\t\t\t\t<div class=\"elementor-widget-container\">\n\t\t\t\t\t<div class=\"gva-element-gva-services-group gva-element\">\r\n<div class=\"gsc-services-group layout-grid no-gutter\">\r\n   <div class=\"lg-block-grid-3 md-block-grid-3 sm-block-grid-2 xs-block-grid-1 xx-block-grid-1\">\r\n               <div class=\"item-columns\">\r\n            \r\n   <div class=\"service-item style-1\">\r\n      \r\n      <div class=\"service-item-content\">\r\n\t\t\t\t\t\t\t<span class=\"box-icon\">\r\n\t\t\t\t\t<i aria-hidden=\"true\" class=\" icon-conult-creative\"><\/i>\t\t\t\t<\/span>\r\n\t\t\t\r\n\t\t\t\t\t\t\t<h3 class=\"title\"><span>Individualna psihoterapija otrok<\/span><\/h3>\r\n\t\t\t\r\n\t\t\t\t\t\t\t<div class=\"desc\">Individualna psihoterapija otrok traja 45 min in je namenjena otrokom do 12 leta. Prilagojena\nje starosti in potrebam otroka. Prva terapija je namenjena uvodnemu pogovoru s star\u0161i in\nkasneje z otrokom.<br>\n\n<b>\u010cas trajanja: 45 min.<\/b><\/div>\r\n\t\t\t\r\n\t\t\t<div class=\"arrow\"><span class=\"icon\"><i class=\"fas fa-arrow-right\"><\/i><\/span><\/div>\r\n\t\t<\/div>\r\n\r\n\t\t<div class=\"number\">01<\/div>\r\n\r\n\t\t\t\t\r\n\r\n\t\t\t<\/div>\r\n\t\r\n\r\n\t\r\n\r\n\r\n\r\n         <\/div>\r\n               <div class=\"item-columns\">\r\n            \r\n   <div class=\"service-item style-1\">\r\n      \r\n      <div class=\"service-item-content\">\r\n\t\t\t\t\t\t\t<span class=\"box-icon\">\r\n\t\t\t\t\t<i aria-hidden=\"true\" class=\" icon-conult-creative\"><\/i>\t\t\t\t<\/span>\r\n\t\t\t\r\n\t\t\t\t\t\t\t<h3 class=\"title\"><span>Individualna psihoterapija  mladostnikov<\/span><\/h3>\r\n\t\t\t\r\n\t\t\t\t\t\t\t<div class=\"desc\">Individualna psihoterapija mladostnikov se izvaja z otroki po 12 letu. Glede na \u017eelje mladostnika\nso lahko na prvi terapiji prisotni star\u0161i oziroma je lahko mladostnik sam..<br>\n\n<b>\u010cas trajanja: 45 min.<\/b><\/div>\r\n\t\t\t\r\n\t\t\t<div class=\"arrow\"><span class=\"icon\"><i class=\"fas fa-arrow-right\"><\/i><\/span><\/div>\r\n\t\t<\/div>\r\n\r\n\t\t<div class=\"number\">02<\/div>\r\n\r\n\t\t\t\t\r\n\r\n\t\t\t<\/div>\r\n\t\r\n\r\n\t\r\n\r\n\r\n\r\n         <\/div>\r\n               <div class=\"item-columns\">\r\n            \r\n   <div class=\"service-item style-1\">\r\n      \r\n      <div class=\"service-item-content\">\r\n\t\t\t\t\t\t\t<span class=\"box-icon\">\r\n\t\t\t\t\t<i aria-hidden=\"true\" class=\" icon-conult-creative\"><\/i>\t\t\t\t<\/span>\r\n\t\t\t\r\n\t\t\t\t\t\t\t<h3 class=\"title\"><span>Individualna psihoterapija  odraslih<\/span><\/h3>\r\n\t\t\t\r\n\t\t\t\t\t\t\t<div class=\"desc\">Individualna psihoterapija odraslih je namenjena posameznikom, bodisi star\u0161u v partnerskem\nodnosu ali v enostar\u0161evski dru\u017eini ter osebam, ki potrebujejo psihoterapevtsko pomo\u010d.<br>\n\n<b>\u010cas trajanja: 50 min.<\/b><\/div>\r\n\t\t\t\r\n\t\t\t<div class=\"arrow\"><span class=\"icon\"><i class=\"fas fa-arrow-right\"><\/i><\/span><\/div>\r\n\t\t<\/div>\r\n\r\n\t\t<div class=\"number\">03<\/div>\r\n\r\n\t\t\t\t\r\n\r\n\t\t\t<\/div>\r\n\t\r\n\r\n\t\r\n\r\n\r\n\r\n         <\/div>\r\n               <div class=\"item-columns\">\r\n            \r\n   <div class=\"service-item style-1\">\r\n      \r\n      <div class=\"service-item-content\">\r\n\t\t\t\t\t\t\t<span class=\"box-icon\">\r\n\t\t\t\t\t<i aria-hidden=\"true\" class=\" icon-conult-creative\"><\/i>\t\t\t\t<\/span>\r\n\t\t\t\r\n\t\t\t\t\t\t\t<h3 class=\"title\"><span>Partnerska psihoterapija  odraslih, star\u0161ev, parov<\/span><\/h3>\r\n\t\t\t\r\n\t\t\t\t\t\t\t<div class=\"desc\">Partnerska psihoterapija je namenjena osebam v partnerski zvezi, star\u0161em, star\u0161em lo\u010denih\ndru\u017ein in ostalim odraslim parom, ki potrebujejo pomo\u010d pri re\u0161evanju konfliktov v odnosih in v\nrazli\u010dnih \u017eivljenjskih situacijah.<br>\n\n<b>\u010cas trajanja: 90 min.<\/b><\/div>\r\n\t\t\t\r\n\t\t\t<div class=\"arrow\"><span class=\"icon\"><i class=\"fas fa-arrow-right\"><\/i><\/span><\/div>\r\n\t\t<\/div>\r\n\r\n\t\t<div class=\"number\">04<\/div>\r\n\r\n\t\t\t\t\r\n\r\n\t\t\t<\/div>\r\n\t\r\n\r\n\t\r\n\r\n\r\n\r\n         <\/div>\r\n               <div class=\"item-columns\">\r\n            \r\n   <div class=\"service-item style-1\">\r\n      \r\n      <div class=\"service-item-content\">\r\n\t\t\t\t\t\t\t<span class=\"box-icon\">\r\n\t\t\t\t\t<i aria-hidden=\"true\" class=\" icon-conult-creative\"><\/i>\t\t\t\t<\/span>\r\n\t\t\t\r\n\t\t\t\t\t\t\t<h3 class=\"title\"><span>Dru\u017einska psihoterapija<\/span><\/h3>\r\n\t\t\t\r\n\t\t\t\t\t\t\t<div class=\"desc\">Dru\u017einska psihoterapija je namenjena dru\u017einam, ki se soo\u010dajo z medosebnimi konflikti,\nkomunikacijskimi te\u017eavami ali du\u0161evnimi stiskami. Uporablja se za izbolj\u0161anje odnosov med\ndru\u017einskimi \u010dlani ter re\u0161evanje specifi\u010dnih te\u017eav, kot so lo\u010ditev, izguba, vzgojno te\u017eavni otroci\nin mladostniki.<br>\n\n<b>\u010cas trajanja: 90 min.<\/b><\/div>\r\n\t\t\t\r\n\t\t\t<div class=\"arrow\"><span class=\"icon\"><i class=\"fas fa-arrow-right\"><\/i><\/span><\/div>\r\n\t\t<\/div>\r\n\r\n\t\t<div class=\"number\">05<\/div>\r\n\r\n\t\t\t\t\r\n\r\n\t\t\t<\/div>\r\n\t\r\n\r\n\t\r\n\r\n\r\n\r\n         <\/div>\r\n               <div class=\"item-columns\">\r\n            \r\n   <div class=\"service-item style-1\">\r\n      \r\n      <div class=\"service-item-content\">\r\n\t\t\t\t\t\t\t<span class=\"box-icon\">\r\n\t\t\t\t\t<i aria-hidden=\"true\" class=\" icon-conult-creative\"><\/i>\t\t\t\t<\/span>\r\n\t\t\t\r\n\t\t\t\t\t\t\t<h3 class=\"title\"><span>Skupinska psihoterapija odraslih<\/span><\/h3>\r\n\t\t\t\r\n\t\t\t\t\t\t\t<div class=\"desc\">Skupinska psihoterapija je oblika terapevtskega dela, kjer terapevt vodi skupino posameznikov, ki\nimajo podobne te\u017eave ali cilje. Delo poteka po principih derefleksivne skupine Elisabeth Lukas.<br>\n\n<b>\u010cas trajanja: 90 min.<\/b><\/div>\r\n\t\t\t\r\n\t\t\t<div class=\"arrow\"><span class=\"icon\"><i class=\"fas fa-arrow-right\"><\/i><\/span><\/div>\r\n\t\t<\/div>\r\n\r\n\t\t<div class=\"number\">06<\/div>\r\n\r\n\t\t\t\t\r\n\r\n\t\t\t<\/div>\r\n\t\r\n\r\n\t\r\n\r\n\r\n\r\n         <\/div>\r\n         <\/div>   \r\n<\/div>\r\n<\/div>\t\t\t\t<\/div>\n\t\t\t\t<\/div>\n\t\t\t\t\t<\/div>\n\t\t<\/div>\n\t\t\t\t\t<\/div>\n\t\t<\/section>\n\t\t\t\t<\/div>\n\t\t","protected":false},"excerpt":{"rendered":"<p>Storitve CENIK Terapija Individualna Partnerska Dru\u017einska Skupinska Otrok 55 \u20ac \/ 110 \u20ac 30 \u20ac Mladostnikov 55 \u20ac \/ 110 \u20ac 30 \u20ac Odraslih 55 \u20ac 90 \u20ac 110 \u20ac [&hellip;]<\/p>\n","protected":false},"author":1,"featured_media":0,"parent":0,"menu_order":0,"comment_status":"closed","ping_status":"closed","template":"","meta":{"footnotes":""},"class_list":["post-161","page","type-page","status-publish","hentry"],"_links":{"self":[{"href":"https:\/\/ladinadlan.si\/index.php\/wp-json\/wp\/v2\/pages\/161","targetHints":{"allow":["GET"]}}],"collection":[{"href":"https:\/\/ladinadlan.si\/index.php\/wp-json\/wp\/v2\/pages"}],"about":[{"href":"https:\/\/ladinadlan.si\/index.php\/wp-json\/wp\/v2\/types\/page"}],"author":[{"embeddable":true,"href":"https:\/\/ladinadlan.si\/index.php\/wp-json\/wp\/v2\/users\/1"}],"replies":[{"embeddable":true,"href":"https:\/\/ladinadlan.si\/index.php\/wp-json\/wp\/v2\/comments?post=161"}],"version-history":[{"count":44,"href":"https:\/\/ladinadlan.si\/index.php\/wp-json\/wp\/v2\/pages\/161\/revisions"}],"predecessor-version":[{"id":1682,"href":"https:\/\/ladinadlan.si\/index.php\/wp-json\/wp\/v2\/pages\/161\/revisions\/1682"}],"wp:attachment":[{"href":"https:\/\/ladinadlan.si\/index.php\/wp-json\/wp\/v2\/media?parent=161"}],"curies":[{"name":"wp","href":"https:\/\/api.w.org\/{rel}","templated":true}]}}